 Let c be b(y). Let x(m) = -m**2 - 9*m + 9. Determine x(c).
-1
Let z(v) be the second derivative of -v**3/6 + v**2 - v - 163. Suppose p + 2*p + 82 = 4*i, -3*p + 51 = 3*i. Let y = -17 + i. Give z(y).
0
Let i(n) be the second derivative of -n**3/6 - 5*n**2/2 - 6*n. Let v(a) = -36*a - 687. Let k be v(-19). What is i(k)?
-2
Let t(p) = 1728 - p**3 - 558 - 1173 + 7*p + 0*p + 5*p**2. Let n(a) = a**3 + a**2 + a + 6. Let r be n(0). Determine t(r).
3
Let m(g) be the first derivative of -g**6/120 + 7*g**5/60 + 5*g**4/12 - 11*g**3/6 - 11*g**2 - 2*g + 33. Let h(s) be the second derivative of m(s). What is h(8)?
5
Let g = 6 - 10. Let x(q) = -18*q**2 + 5*q - 4. Let j(h) = -29*h**2 + 10*h - 8. Let r(a) = 3*j(a) - 5*x(a). What is r(g)?
24
Let n(t) = t**2 + 20*t + 17. Let y be 6 - 17 - (17 - 15). Determine n(y).
-74
Let j(o) = 5*o**2 - o. Let t be j(1). Let x(s) = s - 34 - 6*s + 0*s + 38 + 2*s**2. Give x(t).
16
Let w(c) = 2*c - 2*c**3 + 0*c**2 - 1 + 5*c**3 - c**2 - 4*c**3. Suppose 6*x = x + 340. Let b = 69 - x. Give w(b).
-1
Let f(h) = 7*h. Let i(u) = -u**2 - 10*u - 29. Let g be i(-8). Let k be g/(-5) - -2*2/10. Suppose -28*t = -31*t + k. Give f(t).
7
Let d(k) = 37*k - 1 - 55*k + 10*k + 14 + 9*k. Let j(q) = q**3 - 9*q**2 - q + 9. Let i be j(9). Give d(i).
13
Let a(z) = z - 85 + 265 - 85 + z**2 - 88 - 6*z. Calculate a(5).
7
Let t(f) = 2*f - f**2 + 3*f + 5*f - 5*f. Let k be -9*(20/35)/(6/(-7)). Give t(k).
-6
Suppose f - 3*q - 24 = 0, -1004*f - 5*q - 14 = -1005*f. Let x(p) = -p**3 + 39*p**2 - p + 57. Give x(f).
18
Let b be 14/(-8) - 1/4. Suppose -5*a - 5 = -v - 0, 0 = -v. Let p be (4 + -4)/(-1 - (a + b)). Let y(d) = -d**3 - d**2 - d + 8. Calculate y(p).
8
Let p(n) = -3*n - 84. Let g be ((-66)/44)/(6/76). Determine p(g).
-27
Let c(b) = 33 - 330*b + 9 + 321*b. Give c(6).
-12
Let s = 3 - 11. Let m(j) = 3*j**2 - 29*j + 21. Let g(c) = -2*c**2 + 19*c - 14. Let l(x) = s*g(x) - 5*m(x). Let u(f) = -6*f - 47. Let y be u(-9). Give l(y).
7
Suppose -32*z - 32 = -24*z. Let v be ((-180)/(-27))/(z*2/(-12)). Let n(b) = -b**3 + 11*b**2 - 9*b - 10. Give n(v).
0
Let a(v) = 2*v**2 - 5*v + 3*v**3 + 0*v - 4 - 2*v**3. Let j(f) = -96*f**2 - 670*f + 11. Let x be j(-7). Give a(x).
2
Let g(v) = v. Let r(z) = 7*z - 7. Let p(f) = 120*f - 120. Let n(u) = 2*p(u) - 35*r(u). Let a(w) = -6*g(w) - n(w). Give a(-7).
2
Suppose 5*v + 1713 = g, -2*v + 5*g = 2*g + 680. Let i be (-18)/(-14) + 98/v. Let l(c) = -3*c**3 - c. Calculate l(i).
-4
Suppose -55*s + 56*s + 101 = 0. Let p = s + 105. Suppose 5*q - 3*t = 16, -p*q - q + 4*t = -13. Let y(u) = -u**2 + 5*u + 6. Calculate y(q).
6
Suppose -4*h - 3*c - 7 = 0, -6*h + 2*h + 18 = -2*c. Suppose h*f = -3*w + f + 16, -w - 3*f + 8 = 0. Let j(v) = -v**2 + v + 1. What is j(w)?
-19
Let v(k) = -7 - 9*k + 2 + 228539*k**2 - 228540*k**2. Calculate v(-6).
13
Let w(h) = 6*h + 65. Let x be w(-10). Let l be 2/x - (-62)/(-10)*-3. Let t(q) = -17*q + 2 + 35*q - l*q + 4. Calculate t(-6).
12
Suppose c + 6*v + 24 = 2*v, -2*v + 8 = -2*c. Let s(x) = x**3 + 6*x**2 - 17*x - 11. Give s(c).
-3
Let o(b) = 14 - 3*b + b + 2 - 8 - b**2 - 4. Let c(a) = -a**2 - a + 3. Suppose 0 = t - 5 - 0. Let k(f) = t*o(f) - 7*c(f). Calculate k(3).
8
Let y(z) = -6*z**2 - 18*z - 13. Let x be y(-4). Let a be (4/2)/(x/74). Let v(t) = 2 - 1 + 2 - 3*t. Give v(a).
15
Let g(h) = 15*h**3 - 3*h**2 - 16*h + 3. Let a = -16 - -18. Let u(t) = -24*t**2 + 9*t + 25*t**a - t - 1 - 7*t**3. Let r(p) = 6*g(p) + 13*u(p). Calculate r(-6).
-7
Let m(q) = -q**3 - 2*q**2 + 2*q + 7. Let w(v) = v**3 + 5*v**2 + 346*v + 1732. Let a be w(-5). Calculate m(a).
-5
Let h(q) = q**2 + 5*q - 18. Let o(k) = 1. Let b(a) = -h(a) - 4*o(a). Calculate b(-6).
8
Suppose 48*v - 8 = 44*v, -5*h - 2*v + 34 = 0. Let y(n) = -4*n**2 + 3*n - 4. Give y(h).
-130
Let x(z) = -87*z + 25 + 21 + 2 + 84*z - 12. What is x(8)?
12
Let t = 67 - -124. Let r = t + -191. Let n(y) = -6*y**2 - 6*y - 6. Let s(h) = h**2 + h. Let z(o) = -n(o) - 5*s(o). Give z(r).
6
Suppose 0 = 12*k - 74 - 70. Let t(z) = 3*z**3 - 25*z**2 - 52*z + 27. Let c(l) = l**3 - 8*l**2 - 18*l + 9. Let q(b) = 8*c(b) - 3*t(b). Give q(k).
-9
Let g(n) = -33*n + 102055 + 101*n - 101576. Determine g(-7).
3
Let g(h) = 4*h + 31. Let q be ((-30)/(-330) + 14/(-33))*36. What is g(q)?
-17
Let n = -1332 - -1332. Let l(z) = 53*z. Calculate l(n).
0
Let s(u) be the third derivative of u**5/30 + u**4/4 - u**3/2 - 51*u**2 + 21. Give s(2).
17
Let w(n) = 33 + 35 - 100 - 10*n**2 - n + 27 + 9*n**2. Let j be ((-3)/(-2))/(18/(-24)). Let x be (1/1 + j)*0. Give w(x).
-5
Let s(k) be the first derivative of -k**4/4 + 2*k**3 - 7*k**2/2 + 4*k - 2. Let c(p) = 12*p**2 + 43*p + 43. Let d be c(-2). What is s(d)?
-6
Let l(x) = -x**2 + 8*x - 4. Suppose -4*w - 276 = -4*f, -2*f = 2*f + 16. Let a = -70 - w. Calculate l(a).
11
Let a(h) = -5*h**3 - h**2 - 7*h - 7. Suppose 2747*k - 2705*k + 126 = 0. Calculate a(k).
140
Let p(v) = -v**3 - 20*v**2 + 33*v + 248. Let n be p(-21). Let g(m) = -m**3 + m**2 + 7*m + 10. Calculate g(n).
62
Let c(p) = -p**3 - 5*p**2 - 3*p - 2. Suppose -3*m + 39 + 6 = 0. Let t = -60 + m. Let j = t - -40. What is c(j)?
13
Let c(w) = -3*w**2 - 15*w - 8. Let l(s) = 18*s - 816. Let h be l(45). Determine c(h).
-26
Let r(g) = g + 3. Suppose 8 = -13*k + 10*k + 5*s, -3 = -3*s. What is r(k)?
2
Let s be 0/((-5)/(20/8)). Suppose w + 7 = -2*g, -3*w = 4*g - s*w + 11. Let z(p) = 13*p + 32. Let o(f) = 4*f + 10. Let d(h) = 7*o(h) - 2*z(h). Determine d(g).
-4
Let c(m) be the first derivative of 9*m**2 + 18*m + 9. Let f be c(-5). Let i = f + 73. Let b(u) = -11*u**3 + 1. Determine b(i).
-10
Let m(s) = -25*s + 27*s - 40*s + 23*s + 24*s + 9 + 6*s**2 + s**3. What is m(-4)?
5
Let t(q) = 2*q**2 - 9*q - 3. Suppose 0 = 21*i - 251 + 146. Give t(i).
2
Let a(h) = -4*h**2 - 11*h + 6. Let l be a(1). Let s(b) = -2*b**3 - 20*b**2 - 16*b + 9. What is s(l)?
-9
Let c(z) = 7*z - 28. Let j(f) = -88*f + 268. Let x be j(3). Calculate c(x).
0
Let x(f) be the third derivative of -f**5/60 - 7*f**4/8 + 19*f**3/3 - 4811*f**2. Calculate x(2).
-8
Let t(r) = 2*r**3 - 4*r**2 + 4. Let c(p) = -4*p**3 + 9*p**2 - p - 9. Suppose 4*f - 10*f + 12 = 0. Let s(i) = f*c(i) + 5*t(i). Determine s(2).
6
Let s(h) = -18*h**2 + 12*h - 11. Suppose 3*k + 15 = 3*y, -14*k + 8 = -18*k + 2*y. Give s(k).
-17
Let v(y) = 133*y + y**2 - 107*y - 10 - 24*y. Calculate v(-11).
89
Suppose -69*h = 144*h - 639. Let p(v) = -v**2 - 2*v + 5. Calculate p(h).
-10
Let s(p) = -2*p. Suppose 3*u + 69 = 4*u. Suppose 75*z = u*z + 30. Calculate s(z).
-10
Let j(c) = -4*c - 12*c - 23*c - 9*c + 43*c - 34. Give j(8).
-74
Let p(b) = -2*b + 4. Let k(d) = -12*d - 125. Let l be k(-11). Calculate p(l).
-10
Let w = -33 + 37. Suppose 3*i - 6 = 0, 2*f - i + 3*i = -w. Let m(d) = -d**2 + 1 - 6*d + 0 - 3. Determine m(f).
6
Let r(g) = -g**3 - 4*g**2 + 5*g + 5. Let w = 409 - 401. Let b be (-12)/22 - 343*w/616. Give r(b).
5
Let m(c) = 2*c - 124 + 8*c + 13*c - 143 + 38. Give m(10).
1
Let m be 3 - (96/72 - 1/3). Let b(x) be the third derivative of -40*x**m + 0 - 1/24*x**4 + 0*x + 1/6*x**3. What is b(2)?
-1
Let k(j) be the first derivative of -j**4/4 - 16*j - 1. Let s(y) = y**2 + 80*y. Let q be s(0). Calculate k(q).
-16
Let x(m) = 8 + 2383*m**2 + 2415*m**2 - 4789*m**2 - 11*m. Give x(2).
22
Let b(j) be the first derivative of -j**3 + 37*j**2/2 - 19*j + 4340. Give b(12).
-7
Suppose -18 = -5*m - 4*z - 98, 4*m - 3*z = -33. Let v(t) = t**2 + 14*t + 53. What is v(m)?
29
Let b(x) = 2*x**2 - 16*x - 6. Let o(c) = c**2 - 3*c + 1. Suppose -15 = -11*d - 4*d. Let z(q) = d*b(q) - o(q). Calculate z(14).
7
Let k(j) = -6*j**2 + 4*j - 5. Let i be (-6)/(-8)*(-12 + 6)*-2. Let w(u) = -26*u**2 + 15*u - 20. Let d(o) = i*k(o) - 2*w(o). Calculate d(4).
-13
Let m be (-5)/(25/5)*0. Suppose m*k = 3*t - k + 1, -4*k - 12 = 4*t. Let y(r) = -7*r - 1. Give y(t).
6
Let g(b) = -19*b + 20. Let d(s) = -5 + 18 + 2 - 22*s + 6. Let c(o) = 6*d(o) - 7*g(o). Determine c(7).
-7
Suppose -j + 3*u = -0*u - 3, -j = -2*u - 8. Let o(n) = 2 + 3*n - 5*n**3 + 4*n**3 + 4*n**2 - j + 12. Let z(b) = 3*b - 2. Let f be z(2). What is o(f)?
8
Let f = -1999 + 1424. Let a = 578 + f. Let u(x) = 3*x**2 - 3*x + 2. Give u(a).
20
Let k(l) be the first derivative of l**3/3 + 29*l**2/2 + 175*l + 1406. Give k(-9).
-5
Suppose 2*d + g - 4 = 0, -29 = -d - 16*g + 20*g. Let i(a) = a**2 - a - 2. What is i(d)?
18
